e hundreds digit of z?
2
Let a = -9489 - -15323. What is the hundreds digit of a?
8
Let w = 1162 + 559. What is the thousands digit of w?
1
Suppose 20*q - 5*a = 19*q + 753, -5*a = -5*q + 3805. What is the hundreds digit of q?
7
Suppose 1614*a = 1607*a + 28924. What is the tens digit of a?
3
What is the units digit of 116/(301/42 - 7)?
6
Suppose -16*a + 11*a + 10 = 0. Suppose a + 18 = 4*v. Let y(q) = 2*q - 8. What is the units digit of y(v)?
2
Let c(v) = v**3 - 10*v**2 + 17*v. Let f be c(12). What is the tens digit of 3/21*f + 4/(-14)?
7
Let u(s) be the third derivative of s**6/120 - s**5/30 - s**4/3 + s**3 + 3*s**2. What is the tens digit of u(5)?
4
Suppose 3*z - 8 = 1. Suppose 5*h = x + 5, -7*h + 2*x = -z*h - 10. Suppose h*q = -4*q + 8. What is the units digit of q?
2
Suppose 4*i + 0*i = 5*l - 1240, 4*i - 1028 = -4*l. What is the units digit of l?
2
What is the units digit of ((-1818)/(-8))/(150/400)?
6
Suppose 0*y = -21*y + 77469. What is the units digit of y?
9
Let l(y) = 57*y + 15. What is the hundreds digit of l(7)?
4
Suppose 5*p = -0*p + 30. Suppose p = -2*x + 5*x. Suppose -x*z = -z - 8. What is the units digit of z?
8
Suppose 0 = p + 5*i + 21, -3*p - 2*i = 2*i + 8. Let f be (p + 4)/((-2)/15). What is the units digit of 2 + 0 - f/4?
7
Let h(g) = g**3 + 23*g**2 + 37*g + 330. What is the thousands digit of h(-17)?
1
Let q = -36 - -38. Suppose -2*c = 5*s - 353, q*s = -5*c + 32 + 126. What is the units digit of s?
9
Let c(w) = w**3 + 3*w**2 - 7*w - 6. Let t be c(-4). Suppose 4*d + 6 = t*d. Suppose 0*z = -d*z + 39. What is the units digit of z?
3
Let p = -199 - -362. Let w = p + -89. Suppose -6*t + 4*t = -w. What is the tens digit of t?
3
Suppose 0 = -2*w - 2*m + 8090, -17126 = -5*w + 5*m + 3109. What is the hundreds digit of w?
0
Let f = -28 - -7. What is the units digit of f/(-14) + 2/(-4)?
1
Suppose -5*q + s = -2746 + 214, 4*q + 5*s = 2043. What is the units digit of q?
7
Let h = 824 - -1360. What is the tens digit of h?
8
Suppose -2*i = -3*i + 180. Suppose 10*m - 15*m + i = 0. Suppose r - 3*x = m, -3*x + 4 = -4*x. What is the tens digit of r?
2
Let l(z) = -z**3 - 4*z**2 - z - 1. Let v be (-38)/(3*(-6)/9). Suppose k = -4*c - v, 2*c + c - k + 9 = 0. What is the units digit of l(c)?
3
Let y = 9 + -4. Suppose -4*x = -y*x + 108. What is the hundreds digit of x?
1
Let h be (1/2)/(-4 + (-3477)/(-870)). What is the hundreds digit of h*1*(2 + -3)?
1
Let i = 3 + -3. Suppose 0*a + a = 5*z - 634, -4*a + 4 = i. What is the units digit of z?
7
Suppose 11*g - 888 = 7164. What is the hundreds digit of g?
7
Suppose -2 = 2*u - 3*o + 5*o, 3*u - o = 17. Suppose 2*d - u*d = -232. Suppose z + z = d. What is the tens digit of z?
5
Let m = -726 + 1108. What is the hundreds digit of m?
3
Suppose 2*b - 4032 = -4*h, -69*b = -74*b + 10. What is the tens digit of h?
0
Suppose -6*u + 3*u + 45 = 0. Let s(m) = 9*m + 16. What is the units digit of s(u)?
1
Suppose 0 = a - 0 + 2, 0 = 5*x - a - 12. What is the hundreds digit of (-31 - -9)*x/4*-15?
1
What is the thousands digit of (-603)/2*(-49)/((-392)/(-48))?
1
Let u = 6 - 1. Let x be (u + -2)*(-3 + 4). Suppose x*v = 3*r - 12, -4*r = -9*r - 3*v + 60. What is the units digit of r?
9
Let a = 12 + 710. What is the tens digit of a?
2
Let s = 37 + -32. Suppose 0 = -s*p + 62 + 88. What is the tens digit of p?
3
Let b be ((-13)/(-3))/((-16)/(-144)). What is the units digit of 4004/b*(-6)/(-4)?
4
Let c = 63 - 58. What is the units digit of (-71)/(1/(-4)*10/c)?
2
Let h = -99 + 107. What is the units digit of (3/(-5))/(h + 1563/(-195))?
9
Suppose -2 + 42 = 5*c - 5*i, -3*c + 2*i + 22 = 0. Suppose 2*h - c = 4. Suppose p - 18 = t, 2*t = -5*p + h*t + 90. What is the units digit of p?
8
Let s(r) = r**2 - 11. Let a be s(-4). Suppose a*f - 115 = -0*f. Suppose 0 = -5*j - 8 + f. What is the units digit of j?
3
Let j = -57 + 49. What is the tens digit of (j/5)/((-8)/420)?
8
Let y be (1 + -71)/((-30)/60). Suppose l + y = 3*l - c, -75 = -l - 2*c. What is the tens digit of l?
7
Let k be (-15)/2*(-64)/(-6). Let t be ((-39)/(-4))/(5/(-5*4)). Let o = t - k. What is the tens digit of o?
4
Suppose -s + 3 = 3*d - 2*d, 0 = -s + 3*d - 9. What is the units digit of (-5)/((-10)/298) + (3 - s)?
2
Suppose -4*c - 20 = 5*b, 0 = -c - c. Let o = b - -9. Suppose -5*h = 2*l - 60, -5*h + 2*h + 5*l = -o. What is the tens digit of h?
1
Let r(s) = s**3 + 5*s**2 - s. Let v be r(-5). Suppose d - 24 = -2*t - 3, 120 = 5*d + v*t. What is the units digit of d?
7
Suppose -3*q + 6 = -3. Let t be 3*(q + 8/3). Suppose 0 = -s - 2*c + 15 + t, s - 32 = 4*c. What is the units digit of s?
2
Suppose -k = -3*k + 2. What is the tens digit of k/5*2*155?
6
Suppose 0 = -4*a - 15 + 23. Suppose 8 = 3*p + a*k, -6*k = -2*p - k - 1. What is the tens digit of (-561)/(-15) + p/(-5)?
3
What is the units digit of ((-27412)/(-231))/((-2)/(-66))?
6
Let d(x) = x**3 - x**2 + x + 25. Let u be d(0). Let c = 34 - u. What is the units digit of c?
9
Suppose -2*r = 10, 3*i - 5*r = -315 + 91. Let s = i + 123. What is the units digit of s?
0
Let r = 22 - 22. Suppose 14*i - 13*i - 27 = r. Suppose -i + 199 = 4*x. What is the units digit of x?
3
Suppose 4*k - 21 = 2*c + 15, 2*c + 3*k = -1. Let d = -3 - c. Suppose d*g = -p + 25, -4*p + 0*p + 5*g = -75. What is the units digit of p?
0
Let y be (-92 - 2)/(1/(-6)). What is the tens digit of 8/24 - y/(-9)?
6
Let c be (-2)/(-3) - (10/(-3) + 3). Let u(y) = y**3 + 14*y**2. Let o be u(-14). What is the units digit of 13 + (-3 - (c - o))?
9
Suppose 0 = -c + 2*c - 12. Let s = -8 + c. Suppose s*j - 56 = -4. What is the tens digit of j?
1
Suppose -3*l = 4*q + 1387, q - 3*q + l - 681 = 0. Let n = q + 545. What is the tens digit of n?
0
Let m(d) = d**3 + 14*d**2 + 13*d + 37. What is the units digit of m(-13)?
7
Suppose -32*t = -16*t - 8288. What is the tens digit of t?
1
Let j = 3425 + -2404. What is the thousands digit of j?
1
Let t(l) = l**2 + 11*l - 9. Let a(b) = 2*b**2 + 23*b - 18. Let g(o) = -4*a(o) + 9*t(o). What is the units digit of g(5)?
1
Suppose 38382 = 50*p - 69968. What is the thousands digit of p?
2
What is the units digit of 5 + 798/7 + 1/(-1)?
8
Suppose -21*l + 22*l - 8 = 0. What is the tens digit of 21114/126 - l/14?
6
Let p(i) = 4*i - 1. Let k be p(1). Suppose x = -5*f - 40, 0 = x + 3*x - k*f + 206. What is the units digit of (-410)/x - (-1)/(-5)?
8
Let g(p) be the second derivative of 17*p**4/12 - 6*p. What is the tens digit of g(2)?
6
Let y(w) = -w**2 + 4*w - 6. Let z be y(2). What is the units digit of (-178)/(-12) + 1/(-12)*z?
5
Let t(d) = 3*d**2 - 2*d. Let l be t(-2). Let g = l + 47. What is the units digit of g?
3
Let p = -3856 + 5697. What is the thousands digit of p?
1
Let k(t) = 4 - 5*t + 0*t - t**3 + 4*t + 5*t**2. Let p be k(5). Let v = 22 + p. What is the units digit of v?
1
Let c(j) = -4*j**3 - 10*j**2 + 9*j - 59. What is the units digit of c(-7)?
0
Let p(o) = o**2 - 2*o - 4. Let y be p(3). What is the units digit of (-1)/(y + (-28)/(-32))?
8
Let w be (42/(-105))/((-1)/(-20)). Let j = w - 17. Let q = 9 - j. What is the units digit of q?
4
Let v(s) = 6*s**3 + 13*s**2 - 8. Suppose 0 = -3*n + 18. Let l(i) = -7*i**3 - 14*i**2 + i + 8. Let a(h) = n*v(h) + 5*l(h). What is the units digit of a(-7)?
6
Let v = 302 + 323. What is the units digit of v?
5
Suppose 2*g = -4*j + 4 + 8, -5*g = -j + 14. What is the tens digit of -241*(-2)/j*(3 - 1)?
4
Let u = -42 + 40. Let o(g) = -24*g - 3. What is the units digit of o(u)?
5
Suppose 411 = 2*l + 5*q, 2*q - 6 = 4*q. What is the hundreds digit of l?
2
Let l = 455 + 789. What is the units digit of l?
4
Let j(q) be the second derivative of -31*q**3/6 - q**2 - 10*q. What is the tens digit of j(-6)?
8
Suppose 20 = -5*m, 0*h = -2*h + 4*m + 20. Let c(n) = 42*n**2 - 6*n + 6. What is the units digit of c(h)?
2
Suppose -2*k + 475 = -43. What is the tens digit of k?
5
Let t(a) = -a**3 + 17*a**2 + 11*a + 23. Let h be t(10). Suppose 9*z = h + 697. What is the units digit of z?
0
Suppose 147 + 100 = w. Suppose -20*h + 209 = 289. What is the units digit of w/26*h/(-2)?
9
Let i = -1263 - -2425. What is the thousands digit of i?
1
Let a = 2475 + -1308. What is the tens digit of a?
6
Let m = -1033 - -1229. What is the hundreds digit of m?
1
Let z(h) = 5*h**2 + 11*h + 17. Let i(s) = 9*s**2 + 22*s + 35. Let k(a) = -6*i(a) + 11*z(